{"id":28,"date":"2020-09-20T11:57:00","date_gmt":"2020-09-20T11:57:00","guid":{"rendered":"https:\/\/radiofanomania.de\/?page_id=28"},"modified":"2022-07-31T18:42:22","modified_gmt":"2022-07-31T18:42:22","slug":"ueber-uns","status":"publish","type":"page","link":"https:\/\/radiofanomania.de\/?page_id=28","title":{"rendered":"\u00dcber uns"},"content":{"rendered":"\n<p><strong>The Story goes on !!! Die FanOmania Geschichte<\/strong><\/p>\n\n\n\n<p><strong>Wir schreiben das Jahr 1997, das Jahr in dem die Radio und Medienlandschaft in Hessen revolutioniert werden sollte.&nbsp;Peter Hennings Idee mit der Gr\u00fcndung eines &#8222;Piratensenders&#8220; wurde um es religi\u00f6s auszudr\u00fccken &#8222;Gott sei Dank&#8220;&nbsp;wie es sich geh\u00f6rt in legale Bahnen gelenkt.&nbsp;<\/strong><\/p>\n\n\n\n<p><strong>Anfang des Jahres `97 haben sich Peter Henning, Wolfram Gr\u00e4f und Thomas Paul getroffen um Radio FanOmania entstehen zu lassen. Wolfram hat den Kontakt zu den Machern von&nbsp;Radio X hergestellt die beabsichtigten 1997 mit einem nicht kommerziellen Radiosender dauerhaft &#8222;ON AIR&#8220; zu gehen.<\/strong><\/p>\n\n\n\n<p><strong>&#8222;Ihr habt den Sender, wir das Programm&#8220; und ein Fr\u00fchst\u00fccksradio machen wir nat\u00fcrlich als Zugabe dazu. Vielleicht&nbsp;(mit Sicherheit) haben wir etwas \u00fcbertrieben zu jener Zeit. Also eines vorweg, als Eintracht Fan muss man ein &#8222;Phantast&#8220;&nbsp;sein um die Liebe zu diesem Verein verstehen zu k\u00f6nnen.<\/strong><\/p>\n\n\n\n<p><strong>Wir st\u00fcrzten uns in die Arbeit und merkte schnell, das eine&nbsp;Stunde Sendung mehr als genug sind.&nbsp;<\/strong><\/p>\n\n\n\n<p><strong>Der Aufwand eine Stunde \u00fcber Eintracht Frankfurt zu berichten verlangte uns viel&nbsp;mehr ab als wir gedacht hatten. Also beschlossen wir kein Fr\u00fchst\u00fccksradio zu machen und konzentrierten uns auf eine w\u00f6chentliche Sendung.<\/strong><\/p>\n\n\n\n<p><strong>Im M\u00e4rz war die erste Probesendung und im September sollte es losgehen, einmal w\u00f6chentlich,&nbsp;eine Stunde Sendung.<\/strong><\/p>\n\n\n\n<p><strong>Radio X bietet die M\u00f6glichkeit verschiedenen Gruppen ihre Sendungen \u00fcber den \u00c4ther zu schicken. Wir geh\u00f6rten zu den&nbsp;Pionieren und sind immer noch dabei- und darauf sind wir stolz.<\/strong><\/p>\n\n\n\n<p><strong>Zu den Sendungsmachern der ersten FanOmania Sendungen geh\u00f6rten:&nbsp;Peter Henning,<\/strong><\/p>\n\n\n\n<p><strong>Thomas Paul, Wolfram Gr\u00e4f,&nbsp;Stefan Schell, Peter Landefeld&nbsp;und&nbsp;Michael Gabriel.<\/strong><\/p>\n\n\n\n<p><strong>Doch was sind die Ziele von FanOmania- was wollen wir bewirken und erreichen????<\/strong><\/p>\n\n\n\n<p><strong>Ziele von Radio FanOmania:<\/strong><\/p>\n\n\n\n<p><strong>Unabh\u00e4ngig und transparent \u00fcber Eintracht Frankfurt und die Fanszene berichten.<\/strong><\/p>\n\n\n\n<p><strong>Informationen die nicht in der t\u00e4glichen Medienlandschaft ber\u00fccksichtigt werden an die H\u00f6rer weiterzugeben.<\/strong><\/p>\n\n\n\n<p><strong>Spiel und Hintergrundberichte sowie die ganze Pressekonferenz an die H\u00f6rer weiterzugeben.<\/strong><\/p>\n\n\n\n<p><strong>H\u00f6rern die M\u00f6glichkeit zu geben mit Verantwortlichen und Spielern live im Radio zu sprechen.<\/strong><\/p>\n\n\n\n<p><strong>Eintracht Fanclubs die M\u00f6glichkeit zu geben sich der \u00d6ffentlichkeit zu pr\u00e4sentieren.<\/strong><\/p>\n\n\n\n<p><strong>Das gro\u00dfe Ziel von FanOmania war und ist es, eine weitere Plattform f\u00fcr die Fans von Eintracht Frankfurt zu schaffen,&nbsp;was im Laufe der Jahre auch gelungen ist.&nbsp;<\/strong><\/p>\n\n\n\n<p><strong>FanOmania ist in der Fanszene, bei den Spielern und bei den Verantwortlichen von Eintracht Frankfurt e.V und AG und auch in der hessischen Medienlandschaft anerkannt.<\/strong><\/p>\n\n\n\n<p><strong>Den Bekanntheitsgrad steigern, ohne jedoch unsere Identit\u00e4t zu verlieren, weiterentwickeln, nie stehen bleiben aber&nbsp;immer unverwechselbar FanOmania zu bleiben, das ist unsere Mission.<\/strong><\/p>\n\n\n\n<p><strong>Viele verschieden Charaktere mit unterschiedlichen Ideen unter einen Hut zu bringen und dabei die Sendungen mit Spa\u00df&nbsp;und dem n\u00f6tigen Herzblut jede Woche live \u00fcber den Sender zu schicken, das ist die Kunst und St\u00e4rke von FanOmania.<\/strong><\/p>\n\n\n\n<p><strong>Wie es in einer Gruppe nun mal \u00fcblich ist, ver\u00e4ndert sich auch im Laufe der Zeit die Crew- Besetzung.<\/strong><\/p>\n\n\n\n<p><strong>Die Crew 2022 besteht aus:<\/strong><\/p>\n\n\n\n<p><strong>Albrecht Leonhardi, Mathias Flasn\u00f6cker, Roland Heinz,\u00a0Mijo Petricevic, Thomas&#8220;Teewurst&#8220;Olbert, Gabi Olbert, Cettina, Peer und\u00a0Thomas Paul<\/strong>. <\/p>\n\n\n\n<p><strong>Radio FanOmania bedankt sich bei seinen &#8222;alten&#8220; Mitstreitern ohne die dieser langj\u00e4hrige Erfolg nicht m\u00f6glich gewesen w\u00e4re:&nbsp;Antje Henrich, Jasmin Adamek, Jaana Hilgenfeld, Torsten Gehrels,&nbsp;<em>S<\/em>tephanie Werner, Peter Landefeld,&nbsp;Michael Gabriel, Stefan Schell, Viktoria Henning, Maximilian Seib, Johannes Wenzel, J\u00fcrgen Schneeberger, Peter Henning, Wolfram Gr\u00e4f, Mathias Herrmann, Maximilian Seib, Nadine D\u00f6rr&nbsp;,Nikolai Eurich, Andi Latte und Melanie Kinzler<\/strong>.<\/p>\n\n\n\n<p><strong>Ob Fragen zur Mannschaft, Training, Pr\u00e4sidiumsentscheidungen, Stadion, Vergangenheit, Fanclubs etc. Immer waren und werden auch die richtigen Ansprechpartner bei FanOmania zu Gast sein.&nbsp;<\/strong><\/p>\n","protected":false},"excerpt":{"rendered":"<p>The Story goes on !!! Die FanOmania Geschichte Wir schreiben das Jahr 1997, das Jahr&#8230;<\/p>\n","protected":false},"author":1,"featured_media":0,"parent":0,"menu_order":0,"comment_status":"closed","ping_status":"closed","template":"","meta":{"pgc_sgb_lightbox_settings":"","footnotes":""},"class_list":["post-28","page","type-page","status-publish","hentry"],"_links":{"self":[{"href":"https:\/\/radiofanomania.de\/index.php?rest_route=\/wp\/v2\/pages\/28","targetHints":{"allow":["GET"]}}],"collection":[{"href":"https:\/\/radiofanomania.de\/index.php?rest_route=\/wp\/v2\/pages"}],"about":[{"href":"https:\/\/radiofanomania.de\/index.php?rest_route=\/wp\/v2\/types\/page"}],"author":[{"embeddable":true,"href":"https:\/\/radiofanomania.de\/index.php?rest_route=\/wp\/v2\/users\/1"}],"replies":[{"embeddable":true,"href":"https:\/\/radiofanomania.de\/index.php?rest_route=%2Fwp%2Fv2%2Fcomments&post=28"}],"version-history":[{"count":4,"href":"https:\/\/radiofanomania.de\/index.php?rest_route=\/wp\/v2\/pages\/28\/revisions"}],"predecessor-version":[{"id":1677,"href":"https:\/\/radiofanomania.de\/index.php?rest_route=\/wp\/v2\/pages\/28\/revisions\/1677"}],"wp:attachment":[{"href":"https:\/\/radiofanomania.de\/index.php?rest_route=%2Fwp%2Fv2%2Fmedia&parent=28"}],"curies":[{"name":"wp","href":"https:\/\/api.w.org\/{rel}","templated":true}]}}